).
3
Calculate -14 - -2 - -3 - (-26 - -22).
-5
Calculate 10 + -1 - (-32 - -35) - 1.
5
Evaluate (-7 - -1) + -32 + 34.
-4
What is the value of (4 - (0 + 3)) + -4 + 0?
-3
What is the value of (1 - (6 + -6) - -6) + -3?
4
8 + 0 - (16 - 6)
-2
What is 4 + (-10 - -4) + 0 - -9?
7
What is the value of 0 - -2 - 15 - -3?
-10
Evaluate 3 + (4 - 0) + -2.
5
Calculate (-6 - 0) + (21 - (13 - -3)).
-1
What is 7 - (-1 + (8 - 6))?
6
What is the value of 2 - (-1 + (2 - -1)) - -4?
4
What is 7 + -8 + 0 - (0 + 1)?
-2
Calculate (2 - 5 - -2) + 3 + -1.
1
Calculate 3 + 2 + -1 + -4.
0
-1 + 3 + -4 - -5
3
What is 3 + 1 + 8 + 25 + -26?
11
Evaluate -5 + (5 - ((3 - 6) + 1)).
2
Calculate 1 + (5 + -8 - (-4 + 0)).
2
Evaluate 11 - 5 - 3 - 3.
0
Evaluate (-1 - -6) + (-3 - 1).
1
1 + (0 - -1) - 4
-2
Evaluate -2 - (0 + (0 - (-5 + 6))).
-1
Evaluate (4 - (4 - 1)) + (-2 - 1).
-2
-9 + (12 - 4) + 2 + 2
3
Evaluate -1 + 1 + (10 - 16).
-6
Calculate (0 - -2) + -4 + -2.
-4
1 + 1 - -2 - 6
-2
Calculate 43 - 52 - (-3 + -3).
-3
What is (7 - (13 + -2)) + 1?
-3
Calculate -3 + (4 - (-1 - -7)) + 9.
4
What is the value of (1 - 0) + (-2 - -13) + -17?
-5
Calculate -4 - (6 + -2 + -3).
-5
Calculate (-10 + (7 - 1) - -3) + -6.
-7
Evaluate -10 + (5 - 2) + 6 + -1.
-2
What is (-7 - -1) + (6 - 3)?
-3
What is 12 + -9 + 2 + -1?
4
-2 + (9 - 7 - -5)
5
Calculate (-1 - -1) + (-12 - -14).
2
Calculate 16 + -15 + 10 + -1 - 6.
4
Evaluate -21 - -23 - (-1 - (-3 - 1)).
-1
What is 4 - (14 - (8 - 5))?
-7
Calculate (-8 - (-8 - (4 + -4))) + -6.
-6
Evaluate 11 + 12 + -23 - 5.
-5
What is the value of -5 + 2 + -3 + 5?
-1
Evaluate (2 - (-5 + 4)) + 7 + -2.
8
Calculate 7 + 6 + 10 + -20.
3
Evaluate -1 + (-5 - -2) - (5 - 7).
-2
-9 + -4 + 8 - -6
1
Calculate (0 - -1) + (-4 - -1).
-2
Evaluate 1 - -6 - -2 - (32 - 25).
2
What is 1 + -3 + 8 + -3 - -6?
9
What is the value of -7 - (-9 + 1 + 4 - -4)?
-7
What is -2 + 5 + -4 + 0?
-1
What is the value of 2 - 3 - -9 - (-1 - -5)?
4
What is the value of 6 + -8 - -9 - (0 + 4)?
3
Calculate 3 - 4 - (-2 - 3).
4
Evaluate 10 - (1 + (1 - -2)).
6
Evaluate -3 + 11 + (-2 - -1).
7
3 + -7 + (1 - (-3 + 3))
-3
Calculate -5 + 2 - -2 - -3 - 6.
-4
Calculate -2 + (-2 + 2 - 5 - -6).
-1
Evaluate (0 - 5) + (-14 - -1) + 22.
4
Calculate 2 + (-2 + 3 - (-6 + 4)).
5
What is (-29 - -26) + (5 - -2)?
4
-1 - 0 - (-15 - -19) - -4
-1
Calculate 4 + -4 + -2 + -4 + 3.
-3
What is (-3 - (5 + -5 + -4)) + 2?
3
Calculate -1 - -6 - (10 + -10 - 0).
5
What is 10 + -14 - (5 + -2)?
-7
What is -1 + 4 + (-3 + 0 - 4)?
-4
Evaluate -8 + (-4 + (2 - -8) - 1).
-3
Calculate -5 - (2 - (-3 - -7)).
-3
What is the value of 11 + (4 - 27) + 18?
6
Evaluate (-5 - -1) + -9 + 7 + 3.
-3
What is -2 - (8 + -1 + -7)?
-2
What is (13 - 10) + (-3 - -1) + 5?
6
Evaluate 0 - -3 - (-7 + 5 + 0).
5
What is the value of (0 - -5) + -1 - (4 + -2)?
2
What is the value of 3 + -3 + 0 + -3?
-3
What is (19 - 17 - (-2 + -1)) + 0?
5
What is (-4 - (3 - 5)) + 3 + -2?
-1
Calculate (-2 - (7 + -12)) + -8 - -8.
3
What is -19 + 0 + 12 + 15?
8
What is the value of -4 - (1 + -4 + 2 + -2)?
-1
What is the value of -2 - 0 - (4 + 2 - 10)?
2
What is the value of (3 - 2) + -3 - (-8 + 3)?
3
16 + (3 - 8) - 17
-6
Calculate -1 - (1 + (6 - 3) + -1).
-4
Evaluate -2 + -1 + -9 + 12.
0
Calculate 1 + 8 - (21 + -14).
2
4 + 0 + -6 - 2
-4
What is the value of 4 + -6 + (1 + 3 - 4)?
-2
Evaluate 5 - (1 - -5) - -4.
3
Calculate -5 + -2 + 2 + 7 - 4.
-2
What is the value of -7 - (12 - 5 - 14)?
0
Calculate -16 - (-2 + (6 - 13)).
-7
Calculate (4 - 10) + (4 - 3).
-5
Evaluate (2 - (-1 - -3)) + -2.
-2
Calculate -25 - -18 - (1 + -2).
-6
What is (0 + 0 - 0 - 4) + 8?
4
Evaluate 3 + -3 - -3 - (-2 - -1).
4
Calculate -6 + -6 + 0 + 14.
2
What is 1 - (3 - (-3 - -6))?
1
Evaluate 13 - 4 - (12 + -7).
4
Evaluate (17 + -7 - 9) + -5.
-4
Calculate (0 - 0) + (-3 - (-5 + 2)).
0
What is the value of -4 + -2 + 11 - (19 + -15)?
1
Calculate (8 - (2 - -2)) + (0 - -1).
5
Evaluate 4 - ((-3 - (-9 - -5)) + 2).
1
Evaluate (-3 + 3 - -2) + 0.
2
Calculate 5 + (-7 - (-10 - -6)).
2
What is the value of (1 - -1 - -2) + 0?
4
Calculate (-5 - (-2 - 6)) + -1 + 1.
3
(-3 - -2) + 3 - -1 - 2
1
What is the value of 2 + (-3 - (3 + 2)) - -5?
-1
What is 5 + 4 + -15 + 11?
5
What is the value of -6 + (-1 - (-9 - -5))?
-3
What is 1 + (3 - 3) + 3?
4
(-2 - -3) + (4 - 6)
-1
Evaluate -5 + (7 - (-5 - -4)) - -2.
5
Calculate -38 + 42 - (3 + 1).
0
Calculate 0 + (0 - (-6 - -5)) + 0.
1
0 + 5 - (1 - (0 + -1))
3
Evaluate (-1 - (1 - -2)) + -13 + 21.
4
7 - (8 - (-3 + 6) - 2)
4
Evaluate (2 - 6 - (-2 - 1)) + 0.
-1
What is -3 + (-9 - (-1 - 4))?
-7
Evaluate (14 - 9) + (-9 - -1).
-3
Evaluate 1 + 1 + (17 + -9 - 12).
-2
0 + (-4 - (-2 + 4 + -10))
4
What is -4 + (3 - -3) + -8?
-6
What is (-7 + 5 - 6) + 7?
-1
(5 - -1) + (1 - 4)
3
What is the value of 0 - 3 - (1 + -5)?
1
What is -15 - -16 - (1 - (1 + -9))?
-8
What is the value of 0 + (1 - (-15 - -10))?
6
What is the value of 0 + (-1 - -4) + -3?
0
Evaluate 0 + 4 + 18 + -13 - 10.
-1
(0 + -3 - -8) + 0
5
-7 - (-9 - (-3 + -2))
-3
Evaluate -4 - 3 - (-8 + 5).
-4
-1 + 3 - (7 - (4 + -3))
-4
What is 1 + -2 + -4 + (2 - -7)?
4
What is the value of 1 - (-4 + (-1 - (-2 + -1)))?
3
What is -5 + (12 - 8) + -2 + -4?
-7
Calculate -2 - 1 - (-5 + 7 - 2).
-3
Calculate -6 + 2 + 0 - -10.
6
What is 16 + -14 + -2 + -3 - -10?
7
What is 1 - (11 + -1) - -3?
-6
What is -1 + 1 + 3 + (-15 - -8)?
-4
Evaluate -16 + 17 + -2 + 2.
1
Calculate -1 + (-2 - -1) - (-4 + 4).
-2
What is -43 + 45 - (-1 + 2)?
1
What is the value of -23 + 23 + -10 + 1 - -6?
-3
-1 + 1 + (5 - 13)
-8
What is the value of 10 + -28 + 1 + 9?
-8
3 + (-10 - -10 - (1 - -5))
-3
What is the value of -1 - (-1 - -3) - -8?
5
(2 - (-2 + 2)) + -25 + 21
-2
Calculate -3 + -2 + 4 + 5.
4
Evaluate 8 + -4 + 4 + (1 - 4).
5
2 + (-3 - 2) - (-2 - -3)
-4
What is the value of 3 + 6 + -13 + -3 + 7?
0
Evaluate (-7 - 0) + 23 + -18.
-2
Calculate -1 + 2 - (13 - 10 - 6).
4
Calculate (-1 - 10) + 4 + 12.
5
(0 - 4 - -4) + 1
1
What is -224 - -226 - (-2 + (1 - 2))?
5
Evaluate -6 + -5 + 2 + 5.
-4
What is -3 - 0 - (0 + -3 - 2)?
2
Calculate 4 + (-1 - 3) + (4 - 2).
2
Calculate (3 - (8 + 5)) + 6 + -1.
-5
What is the value of 0 + (-1 - 1) - -1?
-1
What is the value of 2 + 7 + -2 + (-7 - -5)?
5
What is -13 - -1 - (-9 - 0)?
-3
What is the value of 4 - (-1 - 0 - -3)?
2
Calculate -5 + (-8 - -6) + 4.
-3
Calculate (13 - 11) + -2 + -4.
-4
What is the value of -13 + 5 + 1 + 10 + 1?
4
Calculate (9 - 2) + 146 + -144.
9
What is the value of 6 - 3 - (-2 + 7) - 2?
-4
4 + 0 + -9 + -11 + 16
0
Calculate 38 + -45 + (7 + 2 - 1).
1
What is (3 - 4) + (-4 - -2 - -2)?
-1
-48 - -47 - (0 - 7)
6
Calculate -2 + 0 + (-14 - -16).
0
Evaluate (0 - 0) + -3 - (9 - 6).
-6
Evaluate 10 - (9 + -1 - 3) - 3.
2
What is (-3 - 3) + 1 - 0?
-5
What is -2 - (-9 + (-3 - -8))?
2
Calculate -5 + 2 + 4 + 3.
4
What is the value of 4 + -4 + 3 + -6?
-3
What is -10 + 8 - -3 - (0 - -11)?
-10
What is -2 - -1 - (-6 + 10)?
-5
1 + -4 + (-2 - -4)
-1
1 - 3 - (-36 + 29)
5
5 + 0 + -6 - (-4 + 1)
2
What is the value of (-6 - -4) + (0 + -2 - -4)?
0
(-11 - -6) + 0 - -2
-3
What is (3 - -2) + 12 + -14?
3
What is (-8 - -6) + -3 - (-2 + -3)?
0
Evaluate (-4 - -7) + -5 + 5 - 3.
0
Calculate (3 - 2 - -3) + -10.
-6
Calculate -2 + (8 - (6 - 6)).
6
Evaluate 2 + 0 + -3 + 5.
4
Evaluate (3 - (6 - 4)) + (-4 - 0).
-3
What is 4 + (1 - 6 - 1)?
-2
Evaluate -4 + (-1 - -3 - -2).
0
What is the value of -5 + 14 - 8 - (-9 - -1)?
9
Evaluate 3 + -10 + 22 + -4 + 0.
11
What is (-2 + 1 - -1) + 4?
4
-2 + -1 + 0 + -2 + 5
0
Evaluate -1 - 0 - ((2 - 9) + 7).
-1
What is 2 + (-6 - 3) - (0 - 7)?
0
(-2 - -2) + -1 + 4 + -1
2
What is the value of -1 + 0 + 4 - (4 + -3)?
2
Evaluate (4 - (-2 + 4)) + 2.
4
-1 + (0 - (2 - 0))
-3
Evaluate 4 - ((13 - 8) + -7).
6
What is the value of 6 - (-7 + 13) - (9 + -2)?
-7
What is -1 + (1 - (5 - 8 - -4))?
-1
What is the value of 6 + (-6 - -4) + -3?
1
What is 8 + -8 + -3 + -5?
-8
What is the value of 8 + -11 - (0 - -2)?
-5
Calculate (0 - (1 + 1)) + 5.
3
(2 - 1) + 4 - 5
0
7 + (-32 - -29 - (-8 + 1))
11
Calculate (8 - 13) + -4 + 13.
4
Calculate 16 - 20 - (4 + -9 - 3).
4
Calculate 28 + -13 + 4 + -14.
5
6 + (2 - -3 - 5)
6
What is the value of 9 - (12 + (0 - 10))?
7
What is -4 - (1 + -11) - 11?
-5
(-1 + -5 - -1) + (1 - -3)
-1
What is the value of (-3 - -2) + 5 - (-17 - -14)?
7
Evaluate -24 + 28 + 3 + -2.
5
Evaluate -1 + 1 - -1 - (1 